{"id":66,"date":"2025-07-03T12:48:44","date_gmt":"2025-07-03T11:48:44","guid":{"rendered":"http:\/\/gonin-psychanalyste-corporel.fr\/?page_id=66"},"modified":"2025-07-03T12:48:44","modified_gmt":"2025-07-03T11:48:44","slug":"historique","status":"publish","type":"page","link":"https:\/\/gonin-psychanalyste-corporel.fr\/?page_id=66","title":{"rendered":"Historique"},"content":{"rendered":"<p>Dans le cadre de son m\u00e9tier, Bernard Montaud pratiquait dans son cabinet une technique tr\u00e8s douce d&rsquo;ost\u00e9opathie cr\u00e2nienne. Dans les ann\u00e9es 1980, l&rsquo;une de ses patientes fut prise de sursauts dans tout le corps, accompagn\u00e9s d&rsquo;\u00e9motions qu&rsquo;elle ne parvenait pas \u00e0 identifier.<\/p>\n<p>Sans le savoir, \u00a0il venait de rencontrer ce qui est encore aujourd&rsquo;hui le premier niveau de la psychanalyse corporelle.<\/p>\n<p>Durant ces trente derni\u00e8res ann\u00e9es, il n&rsquo;a eu de cesse d&rsquo;am\u00e9liorer et de clarifier cette technique, apprenant peu \u00e0 peu \u00e0 stimuler le corps pour qu&rsquo;il raconte avec pr\u00e9cision l&rsquo;\u00e9v\u00e9nement du pass\u00e9 \u00e0 l&rsquo;origine de ses tensions et de son comportement.<br \/>\nAujourd&rsquo;hui, plus de 100000 s\u00e9ances de psychanalyse corporelle ont \u00e9t\u00e9 pratiqu\u00e9es concernant pr\u00e8s de 1000 dossiers archiv\u00e9s et \u00e9tudi\u00e9s. Cela a permis de mettre en \u00e9vidence sept couches de m\u00e9moire physiques associ\u00e9es \u00e0 sept niveaux de compr\u00e9hension du pass\u00e9 dans le psychisme.<\/p>\n<p>La technique s\u2019ouvre aujourd\u2019hui \u00e0 un plus large public. La psychanalyse corporelle est maintenant accessible en France, Belgique et Suisse dans des cabinets lib\u00e9raux. Elle est enseign\u00e9e au sein de l\u2019IFPC (Institut Fran\u00e7ais de Psychanalyse Corporelle).<\/p>\n<p><img decoding=\"async\" loading=\"lazy\" class=\" wp-image-142 aligncenter\" src=\"http:\/\/gonin-psychanalyste-corporel.fr\/wp-content\/uploads\/2017\/01\/les-7-couches-de-m\u00e9moire-237x300.jpg\" alt=\"\" width=\"464\" height=\"587\" srcset=\"https:\/\/gonin-psychanalyste-corporel.fr\/wp-content\/uploads\/2017\/01\/les-7-couches-de-m\u00e9moire-237x300.jpg 237w, https:\/\/gonin-psychanalyste-corporel.fr\/wp-content\/uploads\/2017\/01\/les-7-couches-de-m\u00e9moire-768x973.jpg 768w, https:\/\/gonin-psychanalyste-corporel.fr\/wp-content\/uploads\/2017\/01\/les-7-couches-de-m\u00e9moire-808x1024.jpg 808w, https:\/\/gonin-psychanalyste-corporel.fr\/wp-content\/uploads\/2017\/01\/les-7-couches-de-m\u00e9moire.jpg 886w\" sizes=\"(max-width: 464px) 100vw, 464px\" \/><\/p>\n","protected":false},"excerpt":{"rendered":"<p>Dans le cadre de son m\u00e9tier, Bernard Montaud pratiquait dans son cabinet une technique tr\u00e8s douce d&rsquo;ost\u00e9opathie cr\u00e2nienne. Dans les ann\u00e9es 1980, l&rsquo;une de ses patientes fut prise de sursauts dans tout le corps, accompagn\u00e9s d&rsquo;\u00e9motions qu&rsquo;elle ne parvenait pas \u00e0 identifier. Sans le savoir, \u00a0il venait de rencontrer ce qui est encore aujourd&rsquo;hui le &hellip; <\/p>\n<p class=\"link-more\"><a href=\"https:\/\/gonin-psychanalyste-corporel.fr\/?page_id=66\" class=\"more-link\">Continuer la lecture<span class=\"screen-reader-text\"> de &laquo;&nbsp;Historique&nbsp;&raquo;<\/span><\/a><\/p>\n","protected":false},"author":1,"featured_media":0,"parent":0,"menu_order":0,"comment_status":"closed","ping_status":"closed","template":"","meta":[],"_links":{"self":[{"href":"https:\/\/gonin-psychanalyste-corporel.fr\/index.php?rest_route=\/wp\/v2\/pages\/66"}],"collection":[{"href":"https:\/\/gonin-psychanalyste-corporel.fr\/index.php?rest_route=\/wp\/v2\/pages"}],"about":[{"href":"https:\/\/gonin-psychanalyste-corporel.fr\/index.php?rest_route=\/wp\/v2\/types\/page"}],"author":[{"embeddable":true,"href":"https:\/\/gonin-psychanalyste-corporel.fr\/index.php?rest_route=\/wp\/v2\/users\/1"}],"replies":[{"embeddable":true,"href":"https:\/\/gonin-psychanalyste-corporel.fr\/index.php?rest_route=%2Fwp%2Fv2%2Fcomments&post=66"}],"version-history":[{"count":4,"href":"https:\/\/gonin-psychanalyste-corporel.fr\/index.php?rest_route=\/wp\/v2\/pages\/66\/revisions"}],"predecessor-version":[{"id":1048,"href":"https:\/\/gonin-psychanalyste-corporel.fr\/index.php?rest_route=\/wp\/v2\/pages\/66\/revisions\/1048"}],"wp:attachment":[{"href":"https:\/\/gonin-psychanalyste-corporel.fr\/index.php?rest_route=%2Fwp%2Fv2%2Fmedia&parent=66"}],"curies":[{"name":"wp","href":"https:\/\/api.w.org\/{rel}","templated":true}]}}